the second derivative of 5*o**3/6 + 3*o**2 - o. Let u(b) = b + 1. Suppose 0 = 2*f - 20*f - 18. Let i(z) = f*y(z) + 3*u(z). Give i(-3).
3
Let a(j) = j**3 + 5*j**2 - 7*j - 4. Suppose -74 = 4*d - 3*r, 3*r + 0*r + 28 = -2*d. Let w = d + 16. Let g be (2/4)/(w/12). What is a(g)?
2
Let f(j) = -2*j**2 - j. Let u(s) = -s**3 + 32*s**2 - 22*s + 3. Let y(w) = 3*f(w) + u(w). Determine y(25).
3
Let r(n) = -2*n**2 + 4 + 2*n**2 + 4*n + n**2. Suppose -j + 3 - 1 = 0. Suppose -22 + 12 = j*q. Calculate r(q).
9
Let l(d) = d**2 + 8*d + 7. Let j be 55/33 - (-2)/6. Suppose -3*w = j + 16. Let f(g) = g**2 + 9*g + 8. Let r(u) = w*l(u) + 5*f(u). Give r(-5).
-12
Let y be 3/(-5) + 2646/135. Let i(k) = -k**2 - 5*k - 1. Let z be i(-3). Suppose y = 7*q + z. Let c(t) = -t**3 + 4*t - 3. Determine c(q).
-3
Let q(s) = s**2 - 3. Suppose 230 = 2*h - 0*h + 4*r, -h = -3*r - 110. Suppose 5*l + 38 = h. Suppose 4*g + 2*a + 6 = 0, 0*g = -4*g - 5*a - l. Give q(g).
-3
Let z(x) = x**3 + 14*x**2 + 12*x + 1. Let s be -5*(-2 + 184/40). Give z(s).
14
Let a(l) = 217*l - 1 + 0 + 1 + 2 - 194*l. Determine a(-1).
-21
Let r(i) = i**2 + 2*i - 3. Suppose -480*h + 476*h = 16. Calculate r(h).
5
Let h(q) be the third derivative of -q**5/60 + 7*q**4/24 - q**3 - 6*q**2 - 12*q. Give h(6).
0
Let j be (0 + -1 - -3) + 8 + -16. Let r(y) = 3*y + 2. Calculate r(j).
-16
Let t(s) = 5*s - 1. Let f(z) = -9*z - 7. Let u be f(-3). Let k = 18 - u. Give t(k).
-11
Let f be 21/14*4/3. Let a(t) = 5*t + 3 - 3*t**2 + t**2 + t**f + 3*t**2. Suppose 0 = 2*r + 4 + 2. Determine a(r).
6
Let l(n) = n**2 - n - 5. Let a = -18 + 22. Suppose -3*s = -a*s. Suppose -3*r = -s*r. What is l(r)?
-5
Let o = 38 - 38. Suppose -2*d + 8*d + 42 = o. Let k(j) = j**3 + 6*j**2 - 8*j + 10. What is k(d)?
17
Let n(r) = -3*r**2 - r + 4. Suppose 10*h - 13 = 5*h + s, -5*h = -3*s - 19. What is n(h)?
-10
Let l(a) be the third derivative of -a**6/40 + a**5/30 - a**4/24 + a**3/3 - a**2. Let o = -4297 - -4299. Give l(o).
-16
Let c = 396 - 401. Let z(q) = q**2 + 3*q - 5. Let f(n) be the third derivative of n**4/24 - n**3/3 - n**2. Let d(w) = c*f(w) + 2*z(w). Calculate d(-2).
6
Let r(l) be the first derivative of -l**2/2 + 4*l + 69. Let o be 7/4 + (-2)/(-8). Suppose -4*a - 2*c + 17 = c, 13 = o*a - 3*c. Give r(a).
-1
Let w(q) be the third derivative of 0*q + 1/24*q**4 + 0 + 18*q**2 + 1/6*q**3. Give w(6).
7
Let y = 28 - 21. Let q(r) = 3 - y*r - r**2 + 7 - 6. Determine q(-6).
10
Let w(a) = 104 - 7*a - 7*a**2 - 46 - 34 - 33 - a**3. Let p = -10 + 4. Determine w(p).
-3
Let a(s) = 20*s**2 - 2 - 10*s**2 + 4*s**3 - 5*s**3 + 6 - 7*s**2 - 3*s. Give a(2).
2
Let s(y) = -16*y - 2. Suppose 5*z - 19 = -t, -2*z + 2*t + 5 = 5*t. Give s(z).
-66
Let u = 59 - 17. Let f = u - 47. Let a(z) = 2*z - 1. Calculate a(f).
-11
Suppose 3*o = -36 - 0. Let h be (-18)/(-8) - (-3)/o. Let p(u) = u**h - 1 - 4*u - 1 - 2. Calculate p(4).
-4
Let h be (-3)/(-3*3/39). Suppose h - 4 = -j. Let c be (-2 - j)*12/(-14). Let b(w) = w**2 + 4*w - 7. Give b(c).
5
Let y(a) = -4*a**3 + a**2 + a. Let t(w) = -14*w. Let l be t(1). Let x = l + 23. Let q be (x/(-9))/((-2)/(-2)). What is y(q)?
4
Let k = 14 + 46. Let c be ((-6)/(-5))/((-12)/k). Let b(w) be the first derivative of w**3/3 + 5*w**2/2 + 1. What is b(c)?
6
Let f(j) = 11*j**2 - 1. Let l(x) = -x + 14. Let v = 17 - 12. Suppose -v*c - 4*s + 65 = -0*s, -s = 0. Let b be l(c). What is f(b)?
10
Let d(v) be the second derivative of 2*v - 1/6*v**3 - 3/2*v**2 + 0. Let y = -67 + 72. Give d(y).
-8
Let a(h) = 9 - 100*h - 4 + 192*h - 98*h. Let x(k) = 3*k + k - 5 + 3*k. Let o(n) = -5*a(n) - 4*x(n). What is o(4)?
3
Let o(d) = 5*d + 74. Let t be o(-15). Let k(s) = 9*s + 1. Give k(t).
-8
Let u(v) = -3*v - 5 + 3 + 3. Suppose 3*d - 45 + 0 = 0. Let j = 17 - d. Determine u(j).
-5
Let v(z) = 9*z**3 - 5*z**2 + 6*z - 6. Let b(g) = 2*g**3 - 1. Let f(h) = -4*b(h) + v(h). Let w = -9 - -13. Calculate f(w).
6
Let w(s) = s**3 + 4*s**2 + 3*s - 1. Let i = 24 - 21. Suppose i*d - 5*d = 6. What is w(d)?
-1
Let c(h) = -78*h - 15. Let q(w) = 14*w + 3. Let o(s) = 2*c(s) + 11*q(s). Determine o(-3).
9
Let k be (8 - 5) + (1 - 6). Let g = k + 5. Let d(z) = 2*z - 1 - z**g - z - 2*z**2 + z**2. Determine d(-2).
1
Let m(f) be the first derivative of -2*f**3 + 2*f**2 + 2*f + 4. Let h(y) = 6*y**2 - 5*y - 2. Let q(n) = 6*h(n) + 7*m(n). Give q(-2).
-18
Let x(k) = k**3 + 6*k**2 + 5*k - 1. Suppose 11 + 13 = 24*d. Let s = 10 + -14. Let i = s - d. Calculate x(i).
-1
Let y = -437 + 440. Let m(v) = 4*v**3 - v**2 + 4*v + 1. Let l(u) = 5*u**3 + 5*u + 1. Let n(g) = -3*l(g) + 4*m(g). Calculate n(y).
-5
Let t(g) = 22*g. Let k(z) = -z + 10. Let w be k(9). What is t(w)?
22
Let r(v) = -v**3 + 5*v**2 - 4*v - 4. Let s(j) = -j**3 + 13*j**2 - 3*j + 43. Let y be s(13). Calculate r(y).
-4
Let h(o) = o**2 - o + 5. Let k be (-8)/12 + 8/3. Calculate h(k).
7
Let q(y) = -y**2 + 7*y - 4. Let c(x) = 4 + 5*x**2 - x**3 + 5*x - x + 0*x - 5. Let j be c(5). Suppose 5*t - 5*r - j = -4, -4*r = t - 18. Give q(t).
2
Let b(n) = 98 + 92 - 195 - 5*n. Calculate b(6).
-35
Let t(w) = -22 - 11*w + 54*w - 23 - 40*w. What is t(19)?
12
Let i(t) = -t**3 + 5*t**2 + 3*t + 4. Let q be 4 + -6 + (3 - -52). Suppose -8*p - 5 = -q. Determine i(p).
-14
Let t = 70 - 51. Let v(n) = -16 + 33 - t + n. Determine v(2).
0
Let f(o) = -2*o**2 - 3*o - 4. Let b be (6 + -1)/(30/20 - 4). Determine f(b).
-6
Let h(f) be the first derivative of f**4/4 - 2*f**3/3 - f**2/2 + f - 182. What is h(3)?
7
Let h be (2 + 2)*(-3)/2. Let f(d) = 5 + 7*d - 5. Let w(u) = u. Let k(s) = -f(s) + 6*w(s). Calculate k(h).
6
Let t be 1/(-1)*(-7 - (-7)/1). Let b(w) = -w - 13. What is b(t)?
-13
Let b(a) = -a**2 + 17*a + 32. Let x = 1048 - 1029. Determine b(x).
-6
Let t(w) = -11*w + 24 - 7*w - 2*w**2 + 3*w**2. Let a be t(16). Let i(y) = y**3 + 7*y**2 - 8*y + 6. Give i(a).
6
Let q(b) = -3*b**2 + 6*b - 4. Suppose -63*g = -57*g - 24. Give q(g).
-28
Suppose -l = 5*u - 4, 5*u = 5*l - 0*u + 40. Let k(w) = -2*w**2 + 31*w - 26. Let y be k(14). Let i(o) = 5 + 3*o + 17*o**2 - y*o**2 + 4*o. Calculate i(l).
-1
Let p(l) = -6*l. Let z(v) = -50*v + 4. Let d be z(-1). Let c = -26 + d. Let i = 30 - c. Give p(i).
-12
Let t(i) be the second derivative of -3*i + 0*i**2 + 0 + 8/3*i**3. What is t(-1)?
-16
Let s(l) = l**3 - 9*l**2 + 5*l + 7. Let h(p) = p**2 - p - 2. Let g(w) = -5*h(w) + s(w). Determine g(13).
-22
Let x(k) be the first derivative of 1/4*k**4 + 5/2*k**2 - k - 1 - 7/3*k**3. Determine x(6).
-7
Let i(f) = f**2 - 263. Let o be i(16). Let k(g) = 4*g + 31. Determine k(o).
3
Let m(g) be the second derivative of g**4/12 - g**3/6 - 2*g**2 - 3*g. Let c(a) = -a**2 + 24*a - 131. Let l be c(8). Calculate m(l).
8
Let a(i) = -i**2 + 3*i - 7. Suppose 4*k - 16 = 5*g + 9, 0 = 3*k + 5*g - 10. What is a(k)?
-17
Let i(k) = -2*k**2 - 7*k + 1. Suppose -2*v + 7 = 1. Let p(f) = -f**3 + 3*f**2 - 5. Let o be p(v). Determine i(o).
-14
Let i be (-4)/72*-339 + (-2)/(-12). Suppose -i*g + 18 = -1. Let s(b) be the second derivative of b**3/2 - b**2/2 - b. What is s(g)?
2
Let l(q) be the third derivative of 0*q + 0 - 1/3*q**3 + 2*q**2 + 1/24*q**4. Let d be (-111)/74 - (-3)/(-2). Give l(d).
-5
Let t(v) = v**3 + 2*v**2 + 2*v + 2. Suppose -9*j + 31*j = 15*j. Give t(j).
2
Let i(r) be the third derivative of 0 - 1/6*r**3 - 17/60*r**5 + 56*r**2 + 0*r + 1/12*r**4. What is i(1)?
-16
Let z(t) = 5*t**3 + 6*t**2 + 3*t + 10. Let n(v) = 6*v**3 + 10*v**2 + 2*v + 10. Let l(j) = 4*n(j) - 5*z(j). Calculate l(9).
8
Suppose 0 = -9*x + 4*x + 20. Suppose -6*n + x*n = 20. Let m(u) = -u**3 - 10*u**2. Give m(n).
0
Let v(m) be the first derivative of -m**4/4 + m**3/3 + 2*m**2 - 10. What is v(3)?
-6
Let m(o) = -o**2 + 35*o - 281. Let u be m(20). Let i(k) = k**2 - 20*k + 12. Determine i(u).
-7
Let h(a) = a + 1. Let y(s) be the second derivative of s**4/12 + 13*s**3/6 + 15*s**2/2 - 17*s. Let j(g) = -3*h(g) + y(g). Give j(-8).
-4
Let t(m) = 2*m**2 - 7*m - 3. Let d(f) = -f**2 + 6*f + 4. Let c(p) = 3*d(p) + 2*t(p). Let g = -9 + 8. Let j = -5 - g. What is c(j)?
6
Let w be ((-2)/6 - -1)*(-18)/(-3). Suppose 0*d - 3*d = -4*v + 29, -w*d - 17 = -v. Let z(p) = -p**3 + 5*p**2 + p + 2. What is z(v)?
7
Let u(j) be the first derivative of -5*j + 1/2*j**2 + 4. What is u(9)?
4
Let y = 20 + -17. Suppose -3*j + 0*x = -2*x + 12, 6 = -y*j + 4*x. Let g(l) = -l**2 - 8*l - 9. Calculate g(j).
3
S